{"id":1331,"date":"2019-05-29T11:20:40","date_gmt":"2019-05-29T09:20:40","guid":{"rendered":"http:\/\/dejalinkrb.cluster026.hosting.ovh.net\/?page_id=1331"},"modified":"2019-05-29T11:20:40","modified_gmt":"2019-05-29T09:20:40","slug":"actualites","status":"publish","type":"page","link":"https:\/\/www.dejalink.fr\/index.php\/actualites\/","title":{"rendered":"Actualit\u00e9s"},"content":{"rendered":"<ul class=\"wp-block-latest-posts__list wp-block-latest-posts\"><li><a class=\"wp-block-latest-posts__post-title\" href=\"https:\/\/www.dejalink.fr\/index.php\/2021\/01\/14\/elementor-1919\/\">Tournons la page ensemble\u2026<\/a><\/li>\n<li><a class=\"wp-block-latest-posts__post-title\" href=\"https:\/\/www.dejalink.fr\/index.php\/2020\/09\/14\/elementor-1848\/\">Impro a rejoint DEJA LINK en juin 2020<\/a><\/li>\n<li><a class=\"wp-block-latest-posts__post-title\" href=\"https:\/\/www.dejalink.fr\/index.php\/2020\/01\/13\/deja-link-aux-trophees-annuels-caractere-les-stars-de-limprimerie\/\">Laurent Caviale, dirigeant de DEJA LINK, laur\u00e9at \u00e0 la soir\u00e9e \u00ab les stars de l\u2019imprimerie \u00bb 2019.<\/a><\/li>\n<li><a class=\"wp-block-latest-posts__post-title\" href=\"https:\/\/www.dejalink.fr\/index.php\/2020\/01\/10\/toute-lequipe-deja-link-vous-souhaite-une-excellente-annee-2020\/\">Toute l&rsquo;\u00e9quipe Deja Link vous souhaite une excellente ann\u00e9e 2020 !<\/a><\/li>\n<li><a class=\"wp-block-latest-posts__post-title\" href=\"https:\/\/www.dejalink.fr\/index.php\/2019\/01\/11\/avec-limprime-augmente-deja-link-entre-dans-une-nouvelle-dimension\/\">AVEC L&rsquo;IMPRIM\u00c9 AUGMENT\u00c9, DEJA LINK ENTRE DANS UNE NOUVELLE DIMENSION<\/a><\/li>\n<\/ul>","protected":false},"excerpt":{"rendered":"","protected":false},"author":2,"featured_media":0,"parent":0,"menu_order":0,"comment_status":"closed","ping_status":"closed","template":"","meta":{"footnotes":""},"class_list":["post-1331","page","type-page","status-publish","hentry"],"_links":{"self":[{"href":"https:\/\/www.dejalink.fr\/index.php\/wp-json\/wp\/v2\/pages\/1331","targetHints":{"allow":["GET"]}}],"collection":[{"href":"https:\/\/www.dejalink.fr\/index.php\/wp-json\/wp\/v2\/pages"}],"about":[{"href":"https:\/\/www.dejalink.fr\/index.php\/wp-json\/wp\/v2\/types\/page"}],"author":[{"embeddable":true,"href":"https:\/\/www.dejalink.fr\/index.php\/wp-json\/wp\/v2\/users\/2"}],"replies":[{"embeddable":true,"href":"https:\/\/www.dejalink.fr\/index.php\/wp-json\/wp\/v2\/comments?post=1331"}],"version-history":[{"count":1,"href":"https:\/\/www.dejalink.fr\/index.php\/wp-json\/wp\/v2\/pages\/1331\/revisions"}],"predecessor-version":[{"id":1333,"href":"https:\/\/www.dejalink.fr\/index.php\/wp-json\/wp\/v2\/pages\/1331\/revisions\/1333"}],"wp:attachment":[{"href":"https:\/\/www.dejalink.fr\/index.php\/wp-json\/wp\/v2\/media?parent=1331"}],"curies":[{"name":"wp","href":"https:\/\/api.w.org\/{rel}","templated":true}]}}