{"id":159,"date":"2019-01-04T12:47:26","date_gmt":"2019-01-04T11:47:26","guid":{"rendered":"http:\/\/dejalinkrb.cluster026.hosting.ovh.net\/?page_id=159"},"modified":"2026-04-03T10:05:24","modified_gmt":"2026-04-03T08:05:24","slug":"e-commerce-b-to-b-web-solutions","status":"publish","type":"page","link":"https:\/\/www.dejalink.fr\/index.php\/e-commerce-b-to-b-web-solutions\/","title":{"rendered":"Web Solutions"},"content":{"rendered":"\t\t<div data-elementor-type=\"wp-page\" data-elementor-id=\"159\" class=\"elementor elementor-159\">\n\t\t\t\t\t\t<section class=\"elementor-section elementor-top-section elementor-element elementor-element-7fd391b elementor-section-full_width elementor-section-content-middle elementor-section-height-min-height elementor-section-stretched elementor-section-height-default elementor-section-items-middle\" data-id=\"7fd391b\" data-element_type=\"section\" data-e-type=\"section\" data-settings=\"{&quot;background_background&quot;:&quot;classic&quot;,&quot;stretch_section&quot;:&quot;section-stretched&quot;}\">\n\t\t\t\t\t\t<div class=\"elementor-container elementor-column-gap-no\">\n\t\t\t\t\t<div class=\"elementor-column elementor-col-33 elementor-top-column elementor-element elementor-element-c2d9912\" data-id=\"c2d9912\" data-element_type=\"column\" data-e-type=\"column\">\n\t\t\t<div class=\"elementor-widget-wrap elementor-element-populated\">\n\t\t\t\t\t\t<div class=\"elementor-element elementor-element-e031e6a elementor-widget elementor-widget-image\" data-id=\"e031e6a\" data-element_type=\"widget\" data-e-type=\"widget\" data-widget_type=\"image.default\">\n\t\t\t\t<div class=\"elementor-widget-container\">\n\t\t\t\t\t\t\t\t\t\t\t\t\t\t\t<img fetchpriority=\"high\" decoding=\"async\" width=\"2560\" height=\"1288\" src=\"https:\/\/www.dejalink.fr\/wp-content\/uploads\/2026\/04\/Visuel-Flipbook-2026-scaled.png\" class=\"attachment-full size-full wp-image-2996\" alt=\"\" srcset=\"https:\/\/www.dejalink.fr\/wp-content\/uploads\/2026\/04\/Visuel-Flipbook-2026-scaled.png 2560w, https:\/\/www.dejalink.fr\/wp-content\/uploads\/2026\/04\/Visuel-Flipbook-2026-300x151.png 300w, https:\/\/www.dejalink.fr\/wp-content\/uploads\/2026\/04\/Visuel-Flipbook-2026-1024x515.png 1024w, https:\/\/www.dejalink.fr\/wp-content\/uploads\/2026\/04\/Visuel-Flipbook-2026-768x386.png 768w, https:\/\/www.dejalink.fr\/wp-content\/uploads\/2026\/04\/Visuel-Flipbook-2026-1536x773.png 1536w, https:\/\/www.dejalink.fr\/wp-content\/uploads\/2026\/04\/Visuel-Flipbook-2026-2048x1030.png 2048w\" sizes=\"100vw\" \/>\t\t\t\t\t\t\t\t\t\t\t\t\t\t\t<\/div>\n\t\t\t\t<\/div>\n\t\t\t\t\t<\/div>\n\t\t<\/div>\n\t\t\t\t<div class=\"elementor-column elementor-col-66 elementor-top-column elementor-element elementor-element-83812f1\" data-id=\"83812f1\" data-element_type=\"column\" data-e-type=\"column\">\n\t\t\t<div class=\"elementor-widget-wrap elementor-element-populated\">\n\t\t\t\t\t\t<div class=\"elementor-element elementor-element-f5c419c elementor-invisible elementor-widget elementor-widget-heading\" data-id=\"f5c419c\" data-element_type=\"widget\" data-e-type=\"widget\" data-settings=\"{&quot;_animation&quot;:&quot;fadeIn&quot;}\" data-widget_type=\"heading.default\">\n\t\t\t\t<div class=\"elementor-widget-container\">\n\t\t\t\t\t<h1 class=\"elementor-heading-title elementor-size-large\">Web Solutions<\/h1>\t\t\t\t<\/div>\n\t\t\t\t<\/div>\n\t\t\t\t<div class=\"elementor-element elementor-element-dd9aa65 elementor-widget elementor-widget-text-editor\" data-id=\"dd9aa65\" data-element_type=\"widget\" data-e-type=\"widget\" data-widget_type=\"text-editor.default\">\n\t\t\t\t<div class=\"elementor-widget-container\">\n\t\t\t\t\t\t\t\t\t<p class=\"has-text-color has-medium-font-size\" style=\"color: #4b759e;\"><span style=\"color: #23397c;\"><strong>FLIPBOOK<\/strong><\/span><\/p>\n<p class=\"has-text-color has-medium-font-size\" style=\"color: #4b759e;\"><!-- \/wp:paragraph --><!-- wp:paragraph --><\/p>\n<p><strong>Votre catalogue interactif lisible sur tout support<\/strong><br \/>Qu\u2019il s\u2019agisse d\u2019un catalogue, d\u2019un rapport annuel ou d\u2019une brochure, nous transformons votre publication papier en publication interactive, feuilletable en ligne.\u00a0<br \/>Elle est enrichie avec diff\u00e9rents types de m\u00e9dia et d\u2019interactivit\u00e9s : vid\u00e9os, sons, images, panier de commande, animations&#8230;<\/p>\n<p class=\"has-text-color has-medium-font-size\" style=\"color: #4b759e;\"><!-- \/wp:paragraph --><!-- wp:paragraph {\"customTextColor\":\"#4b759e\",\"fontSize\":\"medium\"} --><\/p>\n<p class=\"has-text-color has-medium-font-size\" style=\"color: #4b759e;\"><span style=\"color: #23397c;\"><strong>CAMPAGNE\u00a0D&rsquo;E-MAILING<\/strong><\/span><\/p>\n<p class=\"has-text-color has-medium-font-size\" style=\"color: #4b759e;\"><!-- \/wp:paragraph --><!-- wp:paragraph --><\/p>\n<p><strong>Communication de fid\u00e9lisation<\/strong><br \/>Lancez-vous dans le marketing direct et proposez vos nouvelles offres ou nouveaut\u00e9s. Nous g\u00e9rons votre campagne de A \u00e0 Z :<br \/>\u2022 CRM : gestion de base de donn\u00e9es (location ou achat d\u2019adresses)<br \/>\u2022 R\u00e9daction et mise en page du message en HTML<br \/>\u2022 Planification et routage de votre campagne<br \/>\u2022 Reporting et analyse des r\u00e9sultats<\/p>\n<p class=\"has-text-color has-medium-font-size\" style=\"color: #4b759e;\"><!-- \/wp:paragraph --><!-- wp:paragraph {\"customTextColor\":\"#4b759e\",\"fontSize\":\"medium\"} --><\/p>\n<p class=\"has-text-color has-medium-font-size\" style=\"color: #4b759e;\"><span style=\"color: #23397c;\"><strong>CAMPAGNE SMS<\/strong><\/span><\/p>\n<p class=\"has-text-color has-medium-font-size\" style=\"color: #4b759e;\"><!-- \/wp:paragraph --><!-- wp:paragraph --><\/p>\n<p><strong>Communication en temps r\u00e9el\u00a0<\/strong><br \/>Simple, efficace et \u00e9conomique, le SMS b\u00e9n\u00e9ficie d\u2019un taux de lecture d\u2019environ 95%. C\u2019est le canal de communication de l\u2019imm\u00e9diatet\u00e9 et de proximit\u00e9 par excellence.<\/p>\n<p class=\"has-text-color has-medium-font-size\" style=\"color: #4b759e;\"><!-- \/wp:paragraph --><!-- wp:paragraph --><\/p>\n<p>\u00a0<\/p>\t\t\t\t\t\t\t\t<\/div>\n\t\t\t\t<\/div>\n\t\t\t\t\t<\/div>\n\t\t<\/div>\n\t\t\t\t\t<\/div>\n\t\t<\/section>\n\t\t\t\t<\/div>\n\t\t","protected":false},"excerpt":{"rendered":"<p>Web Solutions FLIPBOOK Votre catalogue interactif lisible sur tout supportQu\u2019il s\u2019agisse d\u2019un catalogue, d\u2019un rapport annuel ou d\u2019une brochure, nous transformons votre publication papier en publication interactive, feuilletable en ligne.\u00a0Elle est enrichie avec diff\u00e9rents types de m\u00e9dia et d\u2019interactivit\u00e9s : vid\u00e9os, sons, images, panier de commande, animations&#8230; CAMPAGNE\u00a0D&rsquo;E-MAILING Communication de fid\u00e9lisationLancez-vous dans le marketing direct &hellip; <\/p>\n<p class=\"link-more\"><a href=\"https:\/\/www.dejalink.fr\/index.php\/e-commerce-b-to-b-web-solutions\/\" class=\"more-link\">Continuer la lecture<span class=\"screen-reader-text\"> de &laquo;&nbsp;Web Solutions&nbsp;&raquo;<\/span><\/a><\/p>\n","protected":false},"author":2,"featured_media":0,"parent":0,"menu_order":0,"comment_status":"closed","ping_status":"closed","template":"","meta":{"footnotes":""},"class_list":["post-159","page","type-page","status-publish","hentry"],"_links":{"self":[{"href":"https:\/\/www.dejalink.fr\/index.php\/wp-json\/wp\/v2\/pages\/159","targetHints":{"allow":["GET"]}}],"collection":[{"href":"https:\/\/www.dejalink.fr\/index.php\/wp-json\/wp\/v2\/pages"}],"about":[{"href":"https:\/\/www.dejalink.fr\/index.php\/wp-json\/wp\/v2\/types\/page"}],"author":[{"embeddable":true,"href":"https:\/\/www.dejalink.fr\/index.php\/wp-json\/wp\/v2\/users\/2"}],"replies":[{"embeddable":true,"href":"https:\/\/www.dejalink.fr\/index.php\/wp-json\/wp\/v2\/comments?post=159"}],"version-history":[{"count":25,"href":"https:\/\/www.dejalink.fr\/index.php\/wp-json\/wp\/v2\/pages\/159\/revisions"}],"predecessor-version":[{"id":2999,"href":"https:\/\/www.dejalink.fr\/index.php\/wp-json\/wp\/v2\/pages\/159\/revisions\/2999"}],"wp:attachment":[{"href":"https:\/\/www.dejalink.fr\/index.php\/wp-json\/wp\/v2\/media?parent=159"}],"curies":[{"name":"wp","href":"https:\/\/api.w.org\/{rel}","templated":true}]}}